rue
Is 11004 a multiple of 118?
False
Is 14 a factor of 6678?
True
Does 16 divide 126944?
True
Is 11 a factor of 23115?
False
Is 25320 a multiple of 30?
True
Is 14 a factor of 287?
False
Does 13 divide 4914?
True
Is 810 a multiple of 45?
True
Does 27 divide 135?
True
Is 8991 a multiple of 81?
True
Is 27 a factor of 362?
False
Does 7 divide 125?
False
Is 142 a multiple of 12?
False
Does 3 divide 108?
True
Is 4787 a multiple of 15?
False
Is 15 a factor of 720?
True
Is 1309 a multiple of 12?
False
Does 18 divide 5850?
True
Is 12 a factor of 384?
True
Is 389 a multiple of 32?
False
Is 112 a factor of 336?
True
Does 15 divide 4275?
True
Is 35 a factor of 41609?
False
Is 41 a factor of 564?
False
Does 6 divide 1614?
True
Does 14 divide 5516?
True
Is 47 a multiple of 9?
False
Does 6 divide 24?
True
Is 216 a multiple of 18?
True
Does 66 divide 8778?
True
Is 5 a factor of 941?
False
Is 6 a factor of 222?
True
Is 581 a multiple of 2?
False
Does 36 divide 5868?
True
Is 647 a multiple of 4?
False
Is 97 a factor of 47194?
False
Is 6 a factor of 444?
True
Does 12 divide 137182?
False
Is 940 a multiple of 28?
False
Is 25 a factor of 2391?
False
Does 46 divide 598?
True
Is 16698 a multiple of 10?
False
Is 121 a factor of 3426?
False
Is 109311 a multiple of 53?
False
Is 25850 a multiple of 7?
False
Is 33 a factor of 1755?
False
Is 18 a factor of 587?
False
Is 43 a factor of 190?
False
Does 2 divide 5804?
True
Is 13 a factor of 15?
False
Does 11 divide 550?
True
Is 18 a factor of 37746?
True
Is 89 a factor of 109?
False
Does 21 divide 29017?
False
Does 3 divide 21515?
False
Is 141 a factor of 4207?
False
Is 45 a factor of 1440?
True
Is 480 a multiple of 7?
False
Is 8923 a multiple of 16?
False
Does 32 divide 16096?
True
Is 788 a multiple of 5?
False
Is 27 a factor of 668?
False
Does 14 divide 1610?
True
Does 9 divide 1652?
False
Is 119 a factor of 2514?
False
Does 15 divide 420?
True
Does 14 divide 2034?
False
Is 954 a multiple of 53?
True
Does 4 divide 3759?
False
Is 57 a factor of 6897?
True
Does 10 divide 8675?
False
Does 4 divide 795?
False
Is 2020 a multiple of 20?
True
Is 156 a multiple of 12?
True
Is 18896 a multiple of 16?
True
Is 1166 a multiple of 13?
False
Is 49125 a multiple of 15?
True
Is 1009 a multiple of 13?
False
Is 12 a factor of 21?
False
Is 4140 a multiple of 18?
True
Is 548 a multiple of 5?
False
Is 131 a factor of 10929?
False
Is 71 a factor of 3724?
False
Is 3561 a multiple of 5?
False
Is 5481 a multiple of 3?
True
Is 1492 a multiple of 4?
True
Is 2817 a multiple of 67?
False
Is 15 a factor of 1845?
True
Does 10 divide 9670?
True
Is 38 a factor of 3999?
False
Is 1310 a multiple of 76?
False
Is 65 a factor of 1227?
False
Is 115 a factor of 75095?
True
Is 15573 a multiple of 179?
True
Does 131 divide 21986?
False
Is 157 a factor of 36016?
False
Is 10 a factor of 4167?
False
Is 32 a factor of 12224?
True
Does 19 divide 17613?
True
Is 242 a factor of 21044?
False
Does 18 divide 7466?
False
Does 103 divide 23872?
False
Is 33660 a multiple of 71?
False
Is 56 a factor of 13290?
False
Is 57887 a multiple of 107?
True
Is 13 a factor of 9133?
False
Is 142 a multiple of 34?
False
Is 10 a factor of 4760?
True
Does 13 divide 6019?
True
Is 8 a factor of 456?
True
Is 4238 even?
True
Is 16 a factor of 256?
True
Does 81 divide 567?
True
Does 14 divide 2708?
False
Is 3 a factor of 156?
True
Is 46 a factor of 22356?
True
Does 43 divide 62090?
False
Is 774 a multiple of 7?
False
Does 40 divide 5440?
True
Does 52 divide 1923?
False
Is 126 a factor of 183486?
False
Is 20 a factor of 36606?
False
Does 24 divide 168?
True
Is 216 a multiple of 72?
True
Is 7661 a multiple of 163?
True
Does 74 divide 2683?
False
Is 15 a factor of 1335?
True
Is 68 a factor of 408?
True
Is 20 a factor of 620?
True
Is 4437 a multiple of 17?
True
Is 6 a factor of 3188?
False
Is 128 a multiple of 16?
True
Does 41 divide 2079?
False
Is 77 a factor of 154?
True
Does 184 divide 49026?
False
Is 101 a factor of 3952?
False
Does 31 divide 1034?
False
Does 9 divide 86513?
False
Is 20 a factor of 330?
False
Is 3 a factor of 987?
True
Does 9 divide 196?
False
Is 16447 a multiple of 14?
False
Is 12 a factor of 256?
False
Is 5 a factor of 133?
False
Does 33 divide 6435?
True
Is 42 a factor of 17339?
False
Does 45 divide 15033?
False
Does 18 divide 1727?
False
Is 386 a multiple of 7?
False
Does 75 divide 1021?
False
Is 1998 a multiple of 3?
True
Does 33 divide 1122?
True
Does 13 divide 328?
False
Is 14221 a multiple of 19?
False
Is 6795 a multiple of 68?
False
Does 8 divide 1468?
False
Is 17 a factor of 1438?
False
Does 20 divide 790?
False
Does 156 divide 60984?
False
Does 50 divide 783?
False
Does 24 divide 22944?
True
Is 11880 a multiple of 15?
True
Is 1548 a multiple of 43?
True
Does 14 divide 3528?
True
Is 114 a multiple of 57?
True
Does 13 divide 15770?
False
Is 18 a factor of 7609?
False
Is 21 a factor of 6614?
False
Is 77 a factor of 924?
True
Is 15 a factor of 71085?
True
Is 20 a factor of 2330?
False
Does 113 divide 11187?
True
Is 114417 a multiple of 26?
False
Does 12 divide 598?
False
Does 32 divide 4096?
True
Is 5 a factor of 8582?
False
Does 3 divide 1539?
True
Is 41205 a multiple of 205?
True
Is 37 a factor of 296?
True
Is 2136 a multiple of 12?
True
Is 3 a factor of 334?
False
Is 9 a factor of 50652?
True
Does 34 divide 7888?
True
Does 238 divide 27608?
True
Does 12 divide 12814?
False
Does 28 divide 295?
False
Is 283 a multiple of 14?
False
Is 225 a multiple of 2?
False
Is 149 a factor of 12456?
False
Does 15 divide 16860?
True
Does 10 divide 1280?
True
Does 67 divide 26134?
False
Is 3 a factor of 7659?
True
Is 15 a factor of 70?
False
Does 22 divide 24486?
True
Is 92 a factor of 828?
True
Does 17 divide 594?
False
Is 31 a factor of 3999?
True
Does 207 divide 25047?
True
Is 9 a factor of 2680?
False
Does 9 divide 351?
True
Does 119 divide 3869?
False
Is 84 a multiple of 2?
True
Is 46 a factor of 17747?
False
Does 16 divide 212?
False
Is 6 a factor of 21792?
True
Does 55 divide 605?
True
Does 7 divide 1355?
False
Is 10 a factor of 216?
False
Is 128 a factor of 11904?
True
Is 23 a factor of 128415?
False
Does 15 divide 30?
True
Is 39 a factor of 3769?
False
Does 2 divide 821?
False
Does 9 divide 4967?
False
Is 14400 a multiple of 90?
True
Is 43325 a multiple of 18?
False
Does 44 divide 11391?
False
Is 4524 a multiple of 52?
True
Is 5459 a multiple of 124?
False
Is 174 a multiple of 34?
False
Is 57 a factor of 11343?
True
Is 117 a factor of 4446?
True
Is 3 a factor of 66?
True
Is 10806 a multiple of 13?
False
Is 2 a factor of 1271?
False
Does 58 divide 1682?
True
Does 51 divide 7360?
False
Is 87 a factor of 582?
False
Is 1132 a multiple of 77?
False
Is 4973 a multiple of 66?
False
Does 3 divide 260?
False
Is 22 a factor of 7249?
False
Is 65 a factor of 46150?
True
Is 1087 a multiple of 12?
False
Is 17 a factor of 4133?
False
Is 461 a multiple of 18?
False
Is 707 a multiple of 7?
True
Does 3 divide 5158?
False
Is 3552 a multiple of 24?
True
Is 46 a factor of 9752?
True
Is 28 a factor of 5852?
True
Does 86 divide 11008?
True
Does 339 divide 148694?
False
Does 22 divide 6402?
True
Is 43 a factor of 860?
True
Is 12 a factor of 2978?
False
Does 273 divide 44226?
True
Does 2 divide 320?
True
Is 28 a factor of 784?
True
Is 63 a factor of 29084?
False
Is 3 a factor of 5079?
True
Does 5 divide 105?
True
Is 20 a factor of 21700?
True
Does 16 divide 2496?
True
Is 34 a factor of 39425?
False
Is 6 a factor of 7922?
False
Does 11 divide 74?
False
Does 31 divide 61754?
False
Does 17 divide 153?
True
Is 13 a factor of 975?
True
Is 20 a factor of 940?
True
Is 24 a factor of 832?
False
Is 12648 a multiple of 34?
True
Does 153 divide 1356?
False
Is 50 a factor of 7100?
True
Is 13 a factor of 169?
True
Is 25 a factor of 520?
False
Is 36340 a multiple of 46?
True
Is 27 a factor of 5167?
False
Does 23 divide 25499?
False
Is 32 a factor of 4546?
False
Is 330 a multiple of 3?
True
Does 30 divide 1954?
False
Is 19 a factor of 567?
False
Is 135 a multiple of 17?
False
Is 135 a multiple of 10?
False
Does 87 divide 24970?
False
Does 3 divide 909?
True
Does 43 divide 9342?
False
Is 2 a factor of 9648?
True
Is 7 a factor of 11625?
False
Is 30 a factor of 2284?
False
Is 4823 a multiple of 53?
True
Is 9400 a mu